36 is divided by 36?
0
What is the remainder when 37 is divided by 14?
9
Calculate the remainder when 1389 is divided by 36.
21
Calculate the remainder when 119 is divided by 42.
35
What is the remainder when 290 is divided by 43?
32
What is the remainder when 164 is divided by 16?
4
What is the remainder when 182 is divided by 37?
34
Calculate the remainder when 37 is divided by 11.
4
What is the remainder when 49 is divided by 20?
9
What is the remainder when 76 is divided by 11?
10
Calculate the remainder when 12698 is divided by 131.
122
What is the remainder when 64 is divided by 33?
31
What is the remainder when 5250 is divided by 13?
11
What is the remainder when 37 is divided by 14?
9
Calculate the remainder when 457 is divided by 120.
97
What is the remainder when 317 is divided by 32?
29
Calculate the remainder when 7179 is divided by 2389.
12
What is the remainder when 7568 is divided by 67?
64
Calculate the remainder when 326 is divided by 26.
14
Calculate the remainder when 1417 is divided by 27.
13
What is the remainder when 569 is divided by 272?
25
What is the remainder when 1332 is divided by 84?
72
Calculate the remainder when 459 is divided by 92.
91
Calculate the remainder when 689 is divided by 46.
45
Calculate the remainder when 137 is divided by 2.
1
What is the remainder when 334 is divided by 16?
14
Calculate the remainder when 250 is divided by 42.
40
Calculate the remainder when 40 is divided by 22.
18
Calculate the remainder when 92 is divided by 65.
27
What is the remainder when 761 is divided by 130?
111
Calculate the remainder when 435 is divided by 426.
9
What is the remainder when 837 is divided by 42?
39
What is the remainder when 2291 is divided by 74?
71
What is the remainder when 983 is divided by 159?
29
Calculate the remainder when 2258 is divided by 113.
111
Calculate the remainder when 983 is divided by 45.
38
Calculate the remainder when 461 is divided by 72.
29
Calculate the remainder when 281 is divided by 157.
124
Calculate the remainder when 306 is divided by 54.
36
Calculate the remainder when 506 is divided by 43.
33
Calculate the remainder when 4015 is divided by 35.
25
Calculate the remainder when 214 is divided by 135.
79
Calculate the remainder when 207 is divided by 21.
18
What is the remainder when 357 is divided by 174?
9
Calculate the remainder when 193 is divided by 107.
86
What is the remainder when 118 is divided by 42?
34
What is the remainder when 112 is divided by 58?
54
Calculate the remainder when 147 is divided by 25.
22
Calculate the remainder when 43 is divided by 24.
19
Calculate the remainder when 356 is divided by 24.
20
Calculate the remainder when 19819 is divided by 34.
31
What is the remainder when 128 is divided by 126?
2
What is the remainder when 80 is divided by 12?
8
What is the remainder when 837 is divided by 267?
36
What is the remainder when 57 is divided by 15?
12
What is the remainder when 24021 is divided by 8?
5
Calculate the remainder when 2949 is divided by 42.
9
Calculate the remainder when 232 is divided by 69.
25
What is the remainder when 138 is divided by 49?
40
What is the remainder when 46 is divided by 28?
18
Calculate the remainder when 75 is divided by 6.
3
What is the remainder when 1656 is divided by 87?
3
Calculate the remainder when 1412 is divided by 12.
8
Calculate the remainder when 261 is divided by 19.
14
Calculate the remainder when 70 is divided by 8.
6
Calculate the remainder when 73 is divided by 7.
3
Calculate the remainder when 34 is divided by 21.
13
What is the remainder when 137 is divided by 5?
2
Calculate the remainder when 27 is divided by 10.
7
Calculate the remainder when 337 is divided by 9.
4
Calculate the remainder when 32 is divided by 8.
0
Calculate the remainder when 156 is divided by 25.
6
Calculate the remainder when 361 is divided by 52.
49
What is the remainder when 719 is divided by 19?
16
What is the remainder when 2278 is divided by 40?
38
Calculate the remainder when 582 is divided by 82.
8
Calculate the remainder when 354 is divided by 17.
14
What is the remainder when 55 is divided by 33?
22
Calculate the remainder when 1159 is divided by 58.
57
What is the remainder when 772 is divided by 35?
2
Calculate the remainder when 5167 is divided by 22.
19
What is the remainder when 101 is divided by 36?
29
Calculate the remainder when 2293 is divided by 14.
11
What is the remainder when 1349 is divided by 12?
5
What is the remainder when 64 is divided by 21?
1
Calculate the remainder when 2570 is divided by 83.
80
Calculate the remainder when 343 is divided by 307.
36
What is the remainder when 2760 is divided by 14?
2
What is the remainder when 99 is divided by 39?
21
What is the remainder when 40557 is divided by 60?
57
What is the remainder when 639 is divided by 4?
3
What is the remainder when 1276 is divided by 18?
16
Calculate the remainder when 510 is divided by 32.
30
What is the remainder when 33 is divided by 3?
0
What is the remainder when 28 is divided by 3?
1
What is the remainder when 59 is divided by 52?
7
What is the remainder when 5082 is divided by 1690?
12
Calculate the remainder when 64 is divided by 12.
4
What is the remainder when 906 is divided by 9?
6
What is the remainder when 142 is divided by 41?
19
What is the remainder when 13429 is divided by 73?
70
What is the remainder when 200 is divided by 63?
11
Calculate the remainder when 3487 is divided by 870.
7
What is the remainder when 2611 is divided by 39?
37
What is the remainder when 90 is divided by 24?
18
What is the remainder when 1095 is divided by 156?
3
Calculate the remainder when 125 is divided by 16.
13
Calculate the remainder when 501 is divided by 63.
60
What is the remainder when 6586 is divided by 253?
8
Calculate the remainder when 443 is divided by 45.
38
What is the remainder when 134 is divided by 28?
22
Calculate the remainder when 2869 is divided by 10.
9
What is the remainder when 49 is divided by 2?
1
What is the remainder when 1711 is divided by 86?
77
What is the remainder when 21 is divided by 14?
7
What is the remainder when 417 is divided by 137?
6
Calculate the remainder when 2806 is divided by 57.
13
What is the remainder when 870 is divided by 109?
107
Calculate the remainder when 453 is divided by 141.
30
What is the remainder when 1113 is divided by 93?
90
What is the remainder when 8525 is divided by 49?
48
Calculate the remainder when 157 is divided by 19.
5
What is the remainder when 160 is divided by 11?
6
What is the remainder when 139 is divided by 35?
34
What is the remainder when 1416 is divided by 289?
260
What is the remainder when 3249 is divided by 10?
9
What is the remainder when 75853 is divided by 88?
85
What is the remainder when 129 is divided by 92?
37
What is the remainder when 260 is divided by 68?
56
What is the remainder when 612 is divided by 56?
52
Calculate the remainder when 188 is divided by 88.
12
What is the remainder when 1511 is divided by 42?
41
What is the remainder when 58 is divided by 34?
24
What is the remainder when 94 is divided by 8?
6
Calculate the remainder when 665 is divided by 220.
5
Calculate the remainder when 64 is divided by 14.
8
Calculate the remainder when 891 is divided by 290.
21
What is the remainder when 3094 is divided by 9?
7
Calculate the remainder when 19003 is divided by 15.
13
What is the remainder when 194 is divided by 49?
47
Calculate the remainder when 220 is divided by 60.
40
Calculate the remainder when 154 is divided by 55.
44
Calculate the remainder when 647 is divided by 14.
3
What is the remainder when 469 is divided by 190?
89
What is the remainder when 106 is divided by 55?
51
What is the remainder when 224 is divided by 82?
60
Calculate the remainder when 1461 is divided by 8.
5
What is the remainder when 4137 is divided by 60?
57
Calculate the remainder when 5881 is divided by 1959.
4
What is the remainder when 171 is divided by 92?
79
Calculate the remainder when 433 is divided by 212.
9
Calculate the remainder when 92 is divided by 27.
11
What is the remainder when 148 is divided by 25?
23
What is the remainder when 995 is divided by 27?
23
What is the remainder when 301 is divided by 254?
47
What is the remainder when 8565